{"id":102,"date":"2013-08-11T00:57:46","date_gmt":"2013-08-10T22:57:46","guid":{"rendered":"http:\/\/www.plan-verde.org\/gallery\/?page_id=102"},"modified":"2016-06-11T01:22:32","modified_gmt":"2016-06-10T23:22:32","slug":"rettungsaktion-neembaum","status":"publish","type":"page","link":"http:\/\/www.plan-verde.org\/gallery\/rettungsaktion-neembaum\/","title":{"rendered":"Rettungsaktion Neembaum"},"content":{"rendered":"<p>Einem Ingenieur und Freund in der Nachbarschaft haben wir vor ca. 2 Jahren einen kleinen Neembaum vor die Haust\u00fcr gepflanzt. Mit unserem Bodenaktivator <a title=\"EMKO EM 10\" href=\"http:\/\/www.emko.at\" target=\"_blank\">EMKO M10<\/a> wuchs er schnell und kr\u00e4ftig zu einer stattlichen Gr\u00f6\u00dfe heran und steht aktuell in voller Bl\u00fcte mit reichlich der &#8220; begehrten Fr\u00fcchte&#8220; f\u00fcr weitere Kultivierung. Was wir nicht wussten ist, dass das Wasser-Leitungssystem auch hier direkt unter dem Vorgarten verl\u00e4uft und nun soll durch die starke Wurzel ein Wasserschaden entstanden sein.<\/p>\n<p>Fazit: Der Baum soll weg und wir versuchen ihn zu retten \u2026<\/p>\n<p><strong>ngg_shortcode_0_placeholder<\/strong><\/p>\n","protected":false},"excerpt":{"rendered":"<p>Einem Ingenieur und Freund in der Nachbarschaft haben wir vor ca. 2 Jahren einen kleinen Neembaum vor die Haust\u00fcr gepflanzt. Mit unserem Bodenaktivator EMKO M10 wuchs er schnell und kr\u00e4ftig zu einer stattlichen Gr\u00f6\u00dfe heran und steht aktuell in voller Bl\u00fcte mit reichlich der &#8220; begehrten Fr\u00fcchte&#8220; f\u00fcr weitere Kultivierung.\u2026<\/p>\n<p> <a class=\"continue-reading-link\" href=\"http:\/\/www.plan-verde.org\/gallery\/rettungsaktion-neembaum\/\"><span>Continue reading<\/span><i class=\"crycon-right-dir\"><\/i><\/a> <\/p>\n","protected":false},"author":1,"featured_media":0,"parent":0,"menu_order":0,"comment_status":"closed","ping_status":"closed","template":"","meta":{"ngg_post_thumbnail":0,"footnotes":""},"class_list":["post-102","page","type-page","status-publish","hentry"],"aioseo_notices":[],"_links":{"self":[{"href":"http:\/\/www.plan-verde.org\/gallery\/wp-json\/wp\/v2\/pages\/102","targetHints":{"allow":["GET"]}}],"collection":[{"href":"http:\/\/www.plan-verde.org\/gallery\/wp-json\/wp\/v2\/pages"}],"about":[{"href":"http:\/\/www.plan-verde.org\/gallery\/wp-json\/wp\/v2\/types\/page"}],"author":[{"embeddable":true,"href":"http:\/\/www.plan-verde.org\/gallery\/wp-json\/wp\/v2\/users\/1"}],"replies":[{"embeddable":true,"href":"http:\/\/www.plan-verde.org\/gallery\/wp-json\/wp\/v2\/comments?post=102"}],"version-history":[{"count":0,"href":"http:\/\/www.plan-verde.org\/gallery\/wp-json\/wp\/v2\/pages\/102\/revisions"}],"wp:attachment":[{"href":"http:\/\/www.plan-verde.org\/gallery\/wp-json\/wp\/v2\/media?parent=102"}],"curies":[{"name":"wp","href":"https:\/\/api.w.org\/{rel}","templated":true}]}}