{"id":62,"date":"2013-07-30T00:35:24","date_gmt":"2013-07-29T22:35:24","guid":{"rendered":"http:\/\/www.plan-verde.org\/gallery\/?page_id=62"},"modified":"2016-06-11T01:19:26","modified_gmt":"2016-06-10T23:19:26","slug":"baumschule-mariposa-piura","status":"publish","type":"page","link":"http:\/\/www.plan-verde.org\/gallery\/baumschule-mariposa-piura\/","title":{"rendered":"Baumschule Mariposa \/ Piura"},"content":{"rendered":"<p>Dank der Unterst\u00fctzung von &#8222;Save the dry Forest&#8220; hat Plan Verde e.V. in Mariposa, ein kleines Dorf vor den Toren von Piura, eine Baumschule errichten k\u00f6nnen.<\/p>\n<p>Zur Zeit werden in der Baumschule 5000 Neemb\u00e4ume f\u00fcr die Auspflanzung vorbereitet.<\/p>\n<p><strong>ngg_shortcode_0_placeholder<\/strong><\/p>\n","protected":false},"excerpt":{"rendered":"<p>Dank der Unterst\u00fctzung von &#8222;Save the dry Forest&#8220; hat Plan Verde e.V. in Mariposa, ein kleines Dorf vor den Toren von Piura, eine Baumschule errichten k\u00f6nnen. Zur Zeit werden in der Baumschule 5000 Neemb\u00e4ume f\u00fcr die Auspflanzung vorbereitet.<\/p>\n<p> <a class=\"continue-reading-link\" href=\"http:\/\/www.plan-verde.org\/gallery\/baumschule-mariposa-piura\/\"><span>Continue reading<\/span><i class=\"crycon-right-dir\"><\/i><\/a> <\/p>\n","protected":false},"author":1,"featured_media":0,"parent":0,"menu_order":0,"comment_status":"closed","ping_status":"closed","template":"","meta":{"ngg_post_thumbnail":0,"footnotes":""},"class_list":["post-62","page","type-page","status-publish","hentry"],"aioseo_notices":[],"_links":{"self":[{"href":"http:\/\/www.plan-verde.org\/gallery\/wp-json\/wp\/v2\/pages\/62","targetHints":{"allow":["GET"]}}],"collection":[{"href":"http:\/\/www.plan-verde.org\/gallery\/wp-json\/wp\/v2\/pages"}],"about":[{"href":"http:\/\/www.plan-verde.org\/gallery\/wp-json\/wp\/v2\/types\/page"}],"author":[{"embeddable":true,"href":"http:\/\/www.plan-verde.org\/gallery\/wp-json\/wp\/v2\/users\/1"}],"replies":[{"embeddable":true,"href":"http:\/\/www.plan-verde.org\/gallery\/wp-json\/wp\/v2\/comments?post=62"}],"version-history":[{"count":0,"href":"http:\/\/www.plan-verde.org\/gallery\/wp-json\/wp\/v2\/pages\/62\/revisions"}],"wp:attachment":[{"href":"http:\/\/www.plan-verde.org\/gallery\/wp-json\/wp\/v2\/media?parent=62"}],"curies":[{"name":"wp","href":"https:\/\/api.w.org\/{rel}","templated":true}]}}